= 7*b(t) + 4*q(t). Let m be c(9). What is the highest common factor of 105 and m?
15
Let x be (2 - 4)*6/(-3). Let z(d) = 2*d**3 + 4*d**2 - 5*d - 4. Let l be z(x). What is the greatest common divisor of 21 and l?
21
Let t(j) be the first derivative of -8*j**2 - 5. Let o be t(-1). Suppose -k + o - 4 = 0. What is the highest common divisor of k and 84?
12
Let r = 197 - 173. Calculate the greatest common factor of 48 and r.
24
Suppose -z + 16 = 3*d - 22, -5*d = -z - 58. Let n = -695 + 699. Calculate the greatest common divisor of d and n.
4
Let p(t) = -6*t + 64. Let m be p(8). What is the highest common factor of m and 32?
16
Suppose 7 = 4*d - 4*a + 3, -5*d = -3*a - 13. Suppose -3*x + 0*x - d*q = -484, 0 = -2*x - 4*q + 320. What is the highest common factor of 24 and x?
24
Suppose 3*p + 3 = 27. Suppose -3*x = 9 - 21. Suppose w + w + 2*l - 28 = 0, 24 = w - x*l. Calculate the highest common factor of w and p.
8
Suppose -12*f = -14*f + 4*x + 688, -2*x - 1352 = -4*f. Suppose 3*u - 4*u - 5*p = -17, -3*p = -5*u + 225. Calculate the highest common divisor of f and u.
42
Let a be ((-4212)/24)/(-13)*6. Calculate the greatest common factor of 198 and a.
9
Suppose 644 = 1590*n - 1576*n. Suppose -5*z - 5*j = -3*z - 148, 0 = 5*z - 4*j - 337. Calculate the highest common divisor of z and n.
23
Suppose -9*p + 5*p - 5*n = -124, 5*p - 160 = -5*n. Calculate the highest common divisor of p and 54.
18
Let t = 37 + -4. Let d = -27 - -7. Let w = d + t. Calculate the highest common factor of 39 and w.
13
Let h(s) = -s**3 - s**2 + 2*s + 1. Let y be h(2). Let i = -3 - y. Let f(a) = -3*a - 2. Let k be f(-6). What is the highest common factor of k and i?
4
Let m = -103 - -106. What is the highest common divisor of m and 159?
3
Let c(h) be the third derivative of 7*h**6/120 + h**4/12 - h**3/6 - 6*h**2. Let v be c(1). What is the greatest common divisor of v and 4?
4
Let u(m) = -28*m**2 - 7 - 28*m**2 + 57*m**2 + 4*m + 1. Let y be u(4). What is the greatest common divisor of y and 78?
26
Suppose 5*c - d = 3*d - 320, 4*c + 5*d = -297. Let g = -65 - c. Calculate the greatest common divisor of g and 9.
3
Let t(l) = -27*l + 154. Let j be t(4). Calculate the greatest common factor of 414 and j.
46
Suppose -32 + 50 = 3*t. Calculate the greatest common divisor of t and 114.
6
Let o(p) = 3*p - 21. Let a be o(5). Let z be (a/5)/((-2)/30). What is the greatest common factor of 12 and z?
6
Suppose 114*j - 261 = 27*j. What is the greatest common divisor of 81 and j?
3
Suppose -2*n = -2*p + 1844, 4*n + 3*p = -0*n - 3660. Let v be (-1)/((-1)/12)*n/(-81). What is the greatest common factor of 17 and v?
17
Suppose 4*t - 502 = 2*t. Suppose 4*y - t + 91 = 0. What is the highest common divisor of 8 and y?
8
Let y(n) = n**3 - 4*n**2 + 2*n - 2. Let t be y(4). Let z be 12*(25/10)/5. Calculate the greatest common divisor of t and z.
6
Suppose -10*y - 12540 = -29*y. What is the highest common factor of 55 and y?
55
Let p = 56 + -35. Let t(g) = -13*g**3 + 2*g**2 + 5*g + 3. Let j be t(-2). What is the highest common divisor of p and j?
21
Let g be ((-20)/(-12))/((-11)/(-396)). What is the greatest common divisor of g and 20?
20
Let t(z) = z**3 + 5*z**2 + 5*z + 5. Let a be t(-4). Let g = a + 1. Suppose 2*y + g*y = 3*o + 237, 5 = 5*o. What is the greatest common divisor of y and 24?
12
Let k = 13 + -9. Suppose -4*g + 4*s = -60, k*s - 49 = -3*g + 10. Let c be ((-148)/(-518))/((-4)/(-2618)). Calculate the highest common divisor of c and g.
17
Suppose 211 = 8*a + 3. Calculate the greatest common divisor of a and 351.
13
Let t(v) = v**3 + 22*v**2 + 31*v + 94. Let n be t(-19). Calculate the highest common divisor of n and 42.
42
Suppose -i + 9 + 1 = 0. Suppose 5*u + 32 + 78 = 0. Let t = u + 32. What is the highest common divisor of i and t?
10
Let b be (-3 - (-18)/(-6))/(2/(-3)). Suppose -2*s = -s - 3*f - 36, 5*f = -5*s + 120. Calculate the highest common factor of s and b.
9
Let m = -40 + 62. Suppose 4*h + 3*z - 1686 = 0, 3*h - 2*h - 3*z - 414 = 0. Let f be (h/(-80))/((-3)/88). Calculate the highest common divisor of f and m.
22
Suppose 2*n = 2*o + 92, -2*n - 2*o + 37 = -63. Calculate the greatest common divisor of n and 108.
12
Suppose -t = 2*w - 34, -8*t + 3*t + 3*w = -105. Calculate the greatest common factor of 264 and t.
24
Let y be -1*(-3 + 3 + -2). Let m be (12/(-8))/((-1)/y). Suppose 0*i = 3*i + m*u - 48, -3 = -u. Calculate the greatest common factor of 39 and i.
13
Let a be 12/(-42) - (-4)/14. Suppose a*b - 5 = -b. Suppose -w = 2*r - 57, -4*w + 2*r = -0*r - 218. Calculate the highest common factor of w and b.
5
Let i(l) = 3*l**2 + 4*l. Suppose -g = 2, -o + 3 = -2*o - 4*g. Let n be i(o). What is the highest common factor of n and 19?
19
Suppose -30*f = -23*f - 315. What is the greatest common factor of 15 and f?
15
Suppose 2080 = 12*y + y. Let p(m) = -3*m**3 - 8*m**2 + m + 4. Let j be p(-4). Calculate the greatest common divisor of y and j.
32
Let i(h) = -h**3 + 10*h**2 - 2*h. Let v(l) = -l. Let c be v(-9). Let b be i(c). What is the highest common divisor of b and 9?
9
Let n = 238 - 138. What is the greatest common factor of 20 and n?
20
Let w = 191 - 83. Suppose 0 = -6*h + 5*h + 42. Suppose h*m = 40*m + 24. Calculate the highest common divisor of m and w.
12
Let d(k) = 31*k - 12. Let c be d(5). Suppose -2*f + 50 = 4*n, 2*n - 13 = 4*f + 17. What is the greatest common divisor of n and c?
13
Suppose 3*f - 4*h = 6*f - 5, 0 = -3*f + 4*h + 37. Suppose 0 = 65*a - 66*a - 2*d + 37, 135 = 3*a + 2*d. Calculate the highest common factor of f and a.
7
Let n(z) = -z**3 - 11*z**2 - 10*z + 25. Let i be n(-13). What is the greatest common factor of 34 and i?
17
Let x(f) = -7*f**3 + 3*f**2 - 5*f + 2. Let q be x(-3). Let o = q + -203. Let h be 148/5 + 2/5. Calculate the greatest common factor of o and h.
30
Let o = -4 - -29. Let h = -558 - -568. Calculate the highest common divisor of h and o.
5
Let i = -88 - -96. What is the highest common divisor of 536 and i?
8
Let h be (-214)/(-10) + -22 - (-1193)/5. Calculate the highest common divisor of h and 2023.
119
Let m = -3 + 3. Suppose m = 4*o, -s + 7 + 8 = 4*o. Suppose -c + 4*g + g = s, g = -3*c + 35. What is the highest common divisor of 80 and c?
10
Let v = -176 + 385. Calculate the greatest common factor of v and 19.
19
Suppose -10*l - 3880 = -0*l. Let g be l/(-6) + (-11)/(-33). Let i = -4 - -17. What is the highest common factor of i and g?
13
Suppose -4*w = -14*w + 720. Suppose 74 - w = p. Calculate the highest common factor of p and 22.
2
Let s be 3/(-6) + (-26359)/(-86). What is the greatest common divisor of 34 and s?
34
Let n(w) = -8*w. Let y be n(-4). Suppose -12 = 3*q, -6*q + q = -3*a + y. Let f(r) = r**2. Let b be f(-4). What is the highest common divisor of a and b?
4
Suppose 0 = 23*h - 1091 - 910. Calculate the highest common factor of h and 203.
29
Suppose 4*q + 2*x = 4*x + 50, 21 = 2*q + 3*x. Suppose 11 = -4*g + 27. Calculate the highest common divisor of g and q.
4
Suppose -3*x = 12, -128 = 3*v - 3*x + 8*x. Let d be 8/v + 10984/18. Let c be d/50 - (-1)/(-5). What is the greatest common divisor of c and 30?
6
Suppose f = -5*w + 3911, -1276 = 5*w + 4*f - 5190. Calculate the highest common factor of 46 and w.
46
Suppose 3620 = 20*s - 5660. Calculate the highest common factor of 522 and s.
58
Let f be 11 - 42/6 - (-2 + -64). Calculate the highest common factor of f and 490.
70
Suppose p + 1 = 0, 2*t - 2 = t - 4*p. Suppose -t*b + 164 = -94. What is the highest common factor of b and 301?
43
Suppose 5*b = 36 + 54. What is the highest common divisor of b and 36?
18
Let g(v) = v**3 + 6*v**2 + 2*v - 4. Let y be g(-4). Let k be (-5)/y - 90/(-8). What is the highest common divisor of k and 11?
11
Suppose 147 = 5*b - 108. What is the greatest common factor of 51 and b?
51
Suppose -1569*r - 18 = -1570*r. Calculate the greatest common divisor of r and 360.
18
Let d be (-15)/(-4)*-166*(-32)/40. What is the highest common factor of d and 6?
6
Suppose 0 = -u + 2*u - 2, -154 = 5*g - 2*u. Let x = g - -201. What is the highest common divisor of x and 114?
57
Let t = 461 + -361. Let c = 33 + -8. What is the greatest common divisor of c and t?
25
Let r = -44 - -51. Let a(h) = 6*h + 30. Let j be a(r). Calculate the highest common factor of 18 and j.
18
Let p = 109 - 49